et j = l + 13. Calculate the remainder when 23 is divided by j.
11
Let y be (-34)/(-4) - (-1)/2. Let k = 22 - y. Calculate the remainder when 24 is divided by k.
11
Suppose 0 = -4*a - a + 70. Suppose 0 = 3*k - k - 4*g - a, 4*k - 22 = 2*g. What is the remainder when 8 is divided by k?
3
Suppose 5*n - 18 - 37 = 0. What is the remainder when 32 is divided by n?
10
Let x = -119 + 179. Let j = 37 - x. Let g = j + 44. Calculate the remainder when 61 is divided by g.
19
Suppose 0*a + 2*a = 2. Let m be (1 - a) + 2/(-1). Calculate the remainder when 23 is divided by (0 - m)*39/6.
10
Calculate the remainder when (3/(-9))/((-2)/6)*47 is divided by 6.
5
Suppose 2*o = -6 - 8. Let b(u) = -u**3 - 6*u**2 + u - 6. What is the remainder when b(o) is divided by 13?
10
Let s = -21 - -37. Let g = -10 + s. Suppose 3*v + g = 18. Calculate the remainder when 6 is divided by v.
2
Suppose -2*g + 12 = 2*g. Suppose -4*b = -2*u - 6*b - 10, -5*b - 25 = 2*u. Suppose u = 5*m - g*m - 20. What is the remainder when 28 is divided by m?
8
Calculate the remainder when (-11*1)/(3/(-6)) is divided by 58/7 - (-8)/(-28).
6
Let n(g) = -g**2 + 10*g - 12. Let c be n(8). Suppose 0 = -c*v + 74 + 74. What is the remainder when v is divided by 20?
17
Let r = 3 + -1. Suppose -27 = -3*l + 3*c, 2*c + 0*c = -r*l + 34. Let b(p) = p**2 - p + 8. Calculate the remainder when b(6) is divided by l.
12
Let j = -7 + 5. Calculate the remainder when 2/3*(-549)/(-6) is divided by j/4 + (-86)/(-4).
19
Calculate the remainder when ((-7)/(-21))/((-1)/(-423)) is divided by 29.
25
Let l(y) be the first derivative of y**3/3 + 2*y**2 + 4*y - 6. What is the remainder when l(-4) is divided by 1?
0
Suppose 5*r + 0*r = 110. What is the remainder when 64 is divided by r?
20
Let d = 2 - -37. Calculate the remainder when d is divided by 20.
19
Calculate the remainder when 68/(-6)*18/(-4) is divided by 13.
12
What is the remainder when 159 is divided by (1/((-6)/80))/((-61)/183)?
39
Suppose -483 = y - 4*y. Suppose -5*t + y = 66. Calculate the remainder when t is divided by 10.
9
Calculate the remainder when 28 is divided by (7/6 - (-3)/6)*6.
8
What is the remainder when 1/((-1)/(-30))*5/5 is divided by 16?
14
Suppose 4 = 2*f - 2*p, 2*f + 3*f - 10 = 2*p. Suppose -149 = -4*b + g, 0 = -b + 6*g - 2*g + 41. Calculate the remainder when b is divided by (-13)/(((-4)/f)/2).
11
Suppose 3*z - 3*i + 0 + 3 = 0, 5*i - 17 = -z. What is the remainder when 6 is divided by z?
0
Let k = 131 + -116. What is the remainder when 28 is divided by k?
13
Suppose -2*q - 5*h = 3*q - 500, -104 = -q + h. What is the remainder when q is divided by 21?
18
Let s(q) = q - 7. Let j be s(7). Suppose -3*o + 15 = j, -w = 3*o - 2*o - 78. Calculate the remainder when w is divided by 25.
23
What is the remainder when 44 is divided by 1 + 2 - 12/(-2)?
8
Let w(c) = c**3 - 2*c**2 - 2. What is the remainder when 19 is divided by w(3)?
5
Let g be 2/(3*(-1)/(-6)). Calculate the remainder when 79 is divided by 162/g*(-22)/(-33).
25
Let p(r) = r**2 + 6*r + 5. Suppose 7 = 3*u - j, 0 = -0*j + 4*j + 4. Calculate the remainder when p(-6) is divided by u.
1
Let v(y) = 2*y**2 - 2. Calculate the remainder when 47 is divided by v(3).
15
Let p(d) = d + 15. Let o be p(-7). Suppose 4*l + 8 = 0, -4*l = 4*v - o*l - 104. What is the remainder when 93 is divided by v?
21
Let w(k) = -k**3 - 11*k**2 - 10*k + 2. Let x be w(-10). Suppose 0 = x*c - 3 - 19. Calculate the remainder when c is divided by 4.
3
Let f be ((-58)/6)/(2/(-42)). Calculate the remainder when f/5 + (-2)/(-5) is divided by 14.
13
Let n = -30 - -41. Calculate the remainder when 75 is divided by n.
9
Let c(p) = -p**3 + 3*p**2 - p + 4. Suppose 4 = 4*r + 4*i, -3*i = -3*r - 5*i + 6. Let j be c(r). Let t = j + 27. Calculate the remainder when 20 is divided by t.
9
Suppose 5*j + 7 = 2*q, -j - 2 = -q - 0. Let f = 3 - q. Calculate the remainder when 6 is divided by f.
0
Suppose -4*h = -3*m, m = 2*m + 5*h + 19. Let s = 15 + m. Calculate the remainder when s is divided by 7.
4
Let v = 236 - 141. Suppose -5*u - 5*s = -v, -u - 4*s + 23 = -s. What is the remainder when 66 is divided by u?
15
Let l = -42 - -140. Calculate the remainder when l is divided by 17.
13
Suppose -o - 11 + 9 = 0. Let b be 24/2 + (0 - o). Let i = -5 + b. Calculate the remainder when 15 is divided by i.
6
Let p(q) be the third derivative of -q**4/4 - q**3/2 + 39*q**2. Suppose 3*c + 8 = -c. Calculate the remainder when 15 is divided by p(c).
6
Let g(j) be the third derivative of -j**4/8 + j**3/6 + 2*j**2. What is the remainder when 15 is divided by g(-1)?
3
Let j(h) = 2*h - 5. Let t be j(5). Suppose -k = -t*w - 219, 5*k - 231 + 39 = 4*w. Let u = w - -98. What is the remainder when u is divided by 19?
17
Let f = 28 + -17. Suppose -2*i - 3*l = -71, 77 = 2*i + 16*l - 11*l. What is the remainder when i is divided by f?
9
Let r = -44 + 55. Calculate the remainder when 41 is divided by r.
8
Let m(z) = z**2 - 2*z - 18. Let t be m(9). Suppose 0*s + 2*s = 12. What is the remainder when 38 is divided by (t/(-3))/(s/(-8))?
18
Suppose 5*r + 10*w - 5*w = 85, -2*w = 10. What is the remainder when 85 is divided by r?
19
Let r = 5 - 3. Let p = -2 + -5. What is the remainder when (p + 10)/(6/4) is divided by r?
0
Let o = 46 + -38. What is the remainder when 14 is divided by o?
6
Suppose 2*x + 67 = 3*s, 0 = 3*s + 3*x - 8*x - 55. Calculate the remainder when s is divided by 13.
12
Suppose 0 = -2*z - 4*o + 32, z + 2*z - 4*o - 58 = 0. Let n be 1977/27 + (-2)/9. Suppose -2*y + n = -33. What is the remainder when y is divided by z?
17
Suppose -38 = -q - q. Suppose -t = -25 + 12. Suppose -6 = s - t. Calculate the remainder when q is divided by s.
5
Suppose -3*b - 14 = -2*j, 0 = b + 4*j - 0*j + 14. Let o(s) = s**2 - 2*s - 9. What is the remainder when o(b) is divided by 14?
11
Calculate the remainder when 110 is divided by (12/(-15))/(9/(-315)).
26
Let m = 18 + -12. What is the remainder when (4/(-8))/((-1)/34) is divided by m?
5
Suppose -2*o = -5*j + 122, 0*j - 5*o + 46 = j. What is the remainder when 51 is divided by j?
25
Let i = 45 + 5. What is the remainder when i is divided by 18?
14
Suppose 3*n - 3*l + 25 = 7*n, 2*n + 3*l - 5 = 0. Let z = -2 - -39. What is the remainder when z is divided by n?
7
What is the remainder when 15 is divided by (15/20)/((-3)/(-12))?
0
Let i(g) = 2*g**3 - 2*g**2 - 2*g + 4. What is the remainder when (-1)/4 - 178/(-8) is divided by i(2)?
6
Let z(r) = r**3 + 7*r**2 + 3*r - 8. Calculate the remainder when z(-4) is divided by 6.
4
Let c(a) = 2*a**2 + a + 1. Let n = -5 - -8. Calculate the remainder when c(2) is divided by n*1 - (-3 - 0).
5
Let u(l) = 2*l + 4. What is the remainder when 45 is divided by u(6)?
13
Calculate the remainder when (((-112)/10)/2)/(22/(-55)) is divided by 5.
4
Suppose -2*t = -t - 3. Suppose -6 = -2*h + 2*b, 2 - 4 = -t*h - 4*b. Let i(f) = -f**3 + 2*f**2 + 3*f + 1. What is the remainder when h is divided by i(3)?
0
Suppose 15 = -84*n + 85*n. What is the remainder when n is divided by 6?
3
Calculate the remainder when 10 is divided by (-4)/22 - (-136)/22.
4
Let r(k) = -k**3 - 6*k**2 - 7*k. Let p = 65 + -36. Calculate the remainder when p is divided by r(-5).
9
Let b = 21 - 19. What is the remainder when b is divided by 2?
0
Let n = -2 - -11. What is the remainder when n is divided by 3?
0
Let m(k) = 18*k**2 + 2*k + 1. Suppose -4*u + c = 4, -3*c = -2*c. What is the remainder when 65 is divided by m(u)?
14
Let w(r) = r**3 - r**2. Calculate the remainder when 69 is divided by w(3).
15
Let k(u) = u**3 - u**2 - u + 5. Suppose -3*d + 2 - 8 = 0. Let h(o) = -o**3 - 2*o**2 - 2*o. Let g be h(d). What is the remainder when k(g) is divided by 17?
15
Let m = 1 - -4. Suppose -5*i - f = -40, 0*i = -i + 2*f + 8. Calculate the remainder when i is divided by m.
3
Let j = 3 + 1. Let l(m) = -m - 13. Calculate the remainder when l(-26) is divided by j.
1
Let d = 90 + -5. Calculate the remainder when d is divided by 43.
42
Let b(d) = -d - 4*d**2 + 0*d**3 + d**3 + 2*d**3 - 4*d**3 + 2. What is the remainder when 23 is divided by b(-4)?
5
Let c(t) = -t**3 - 9*t**2 + 9*t - 4. Let k be c(-10). Let y = 3 + k. Let x = -4 + 30. Calculate the remainder when x is divided by y.
8
Let p = 33 + 4. What is the remainder when p is divided by 19?
18
Suppose b = 4*b -